*m - 795 = -5*n. Calculate the greatest common factor of n and 22.
22
Suppose -58 = -3*j + k, 2*j + 3*k - 9 - 37 = 0. Let q = -2 - -6. Calculate the highest common factor of q and j.
4
Let x(q) = 156*q - 3. Let j be x(1). Let v = 15 - -2. What is the greatest common divisor of v and j?
17
Suppose w = -2*w + 243. Let i(u) = 3*u - 1. Let v be i(1). Suppose 0 = s - 3*h - 9, 5*s - v*h = -32 + 77. What is the greatest common divisor of w and s?
9
Let o be (-2)/(-3) - (-28)/3. Suppose 3*t + o = 4*n - 0, 4*t + 5*n = 28. What is the greatest common divisor of 2 and t?
2
Let a(d) be the third derivative of d**6/120 - 2*d**5/15 + d**4/24 - 7*d**3/6 - 3*d**2. Let u be a(8). What is the highest common divisor of u and 4?
1
Suppose -5*a = -f - 9, -5*f = -5*a + 1 + 4. Calculate the greatest common factor of 1 and f.
1
Let w = 35 + -17. Let f(s) = s - 17. Let x be f(7). Let z be x*9/(-6)*3. What is the highest common divisor of z and w?
9
Let f = 23 - 18. Calculate the highest common factor of 85 and f.
5
Let x = 20 - -4. Let n(p) be the third derivative of p**5/60 + p**4/24 + p**3 - 2*p**2. Let j be n(5). Calculate the greatest common divisor of j and x.
12
Suppose -12 = 4*r, -b + 29 = -5*r - 36. Let n = 13 - 3. Calculate the highest common factor of n and b.
10
Let j(x) = -30*x + 43. Let m(n) = 10*n - 14. Let s(i) = -2*j(i) - 7*m(i). Let h be s(-6). Calculate the highest common factor of h and 9.
9
Suppose 13*k = 7*k + 18. What is the greatest common factor of 12 and k?
3
Let p(o) = o**3 - 3*o**2 + 2*o + 2. Let l be p(2). Suppose -112 = l*q - 3*q + 4*c, 0 = 4*q - 2*c - 434. What is the highest common divisor of q and 12?
12
Suppose 0 - 2 = -2*v. Calculate the highest common factor of 1 and v.
1
Suppose 64 = -h + 3*h. What is the highest common factor of h and 48?
16
Let f(v) = -3*v + 3 - 7*v - 11. Let a be f(-7). Suppose 0 = -5*o + 15, 5*d - a = -0*o + o. What is the highest common factor of d and 117?
13
Suppose 4*p + 3*w - 275 = 0, -p - 3*w + 71 = -0*p. Calculate the greatest common factor of p and 34.
34
Let u be (-570)/(-8) - 35/28. What is the highest common factor of 10 and u?
10
Suppose z - 3*a - 30 = -0*z, -3*z + a + 50 = 0. Let b(r) = 2*r**2 - 5*r - 2. Let w be b(4). Calculate the greatest common factor of w and z.
5
Let j = -8 + 1. Let w(l) = 3*l**2 + 7*l + 10. Let k be w(j). Suppose 4*r + 2*o = 40, 0*r + 2*o = 4*r - 56. Calculate the greatest common factor of r and k.
12
Suppose 5*r + 1 + 4 = 0. Let x = 1 - r. Suppose x*z + 4*i = 24, 0 = -5*z + 8*i - 3*i + 90. What is the greatest common factor of z and 128?
16
Let v(w) = -1 - 5*w**3 + 3*w + 3*w**2 + 4*w**3 + 4*w**2 - 8. Let f be v(6). Let h be 2*1 + 56/2. Calculate the greatest common divisor of h and f.
15
Let c(u) = 54*u**3 + u**2. Let b be c(-1). Let f = -27 - b. What is the greatest common divisor of 65 and f?
13
Let x = -5 + 11. Let d = -17 + 24. Suppose 8 = d*s - 3*s. Calculate the greatest common factor of x and s.
2
Let u(o) = o**3 - 5*o**2 - 3*o + 2. Let v be u(6). Let h(z) = -z - 17. Let i be h(0). Let m = i + 22. Calculate the highest common factor of m and v.
5
Let u(f) = -f + 11. Let g be u(11). Suppose 4*m - 108 - 72 = g. Calculate the highest common factor of 30 and m.
15
Let b be (-3)/(-1) + (9 - 0). Suppose 5 = t + 2. Calculate the highest common divisor of b and t.
3
Let p = -3 - -7. Let k be ((-26)/p)/(3/(-6)). Calculate the greatest common divisor of 104 and k.
13
Suppose l = 4*l - 12. Suppose 2*f - 4*f + l = 0. Suppose -3*t = -4*t + 10. Calculate the greatest common factor of f and t.
2
Suppose 2*k + 4*x - 32 = 0, -3*k + 8*x - 4*x + 58 = 0. What is the greatest common divisor of k and 3?
3
Let k(f) = -f**3 - 10*f**2 - f + 9. Let w be k(-10). Let d = 15 - -30. Let u be (-3766)/(-18) + (-10)/d. What is the highest common divisor of w and u?
19
Let d(r) = -13*r**3 + 7*r**2 - 4*r. Let y(w) = w**2 - w. Let x(q) = d(q) - 5*y(q). Let u be x(-1). What is the highest common factor of u and 35?
7
Let l(t) = 32 - 32 + 6*t - 16*t. Let k be l(-5). Calculate the highest common factor of k and 10.
10
Let k = 117 + -9. Calculate the highest common factor of k and 27.
27
Let u = -2 + 24. Let l = 13 + -2. What is the greatest common divisor of l and u?
11
Let a(d) = d**3 + 9*d**2 + 7*d - 6. Let p be a(-8). Suppose -4*o = -p*o - 112. Calculate the highest common divisor of o and 8.
8
Let n = -12 - -13. Let y(q) = 2*q**3 - q. Let o be y(n). Let g be ((-10)/6)/((-2)/12). What is the highest common divisor of g and o?
1
Suppose -25*k - 168 = -28*k. What is the greatest common divisor of k and 8?
8
Let m = -6 + 10. Suppose -26 = -7*s + 44. What is the greatest common divisor of m and s?
2
Let y = 5 + 2. What is the greatest common divisor of y and 28?
7
Let t(a) = a**3 + 7*a**2 + 7*a + 6. Let q be t(-6). Let i(j) = j**3 - j + 84. Let x be i(q). Let d = 2 - -10. What is the greatest common divisor of d and x?
12
Let p(i) = i**2 - 15*i + 32. Let g be p(14). What is the highest common divisor of g and 27?
9
Suppose -s + 4*l + 32 = 0, 96 - 14 = 2*s + l. Let h be (-64)/12 + (-2)/3. Let n be 4/5*(-75)/h. Calculate the greatest common divisor of n and s.
10
Suppose 0*u - 3*u = 0. Suppose -6*f + 7*f - 18 = u. What is the highest common divisor of 126 and f?
18
Let x be 17/2 + (-3)/6. Let f(n) = 3*n**3 + 5*n**2 + 3*n - 10. Let y be f(7). Let r be 1/(-4) - y/(-20). What is the highest common factor of x and r?
8
Suppose 66 = l + 19. Let s = l + 19. Calculate the greatest common divisor of s and 6.
6
Let k(g) = -g**2 + 4*g - 4. Let o be k(3). Let a = o + 3. Suppose a*r + 13 = 5*q - 49, 0 = 4*q - 5*r - 53. What is the highest common divisor of 3 and q?
3
Let s be ((35/(-15))/(-7))/((-2)/(-42)). Let d(b) = 13*b**2 - 2*b. Suppose -2*c = 4 - 0. Let k be d(c). What is the highest common factor of s and k?
7
Suppose 5*t - q = 134, -2*t + 84 - 16 = -4*q. Calculate the highest common divisor of 208 and t.
26
Suppose 20 = 4*d - 0. What is the greatest common divisor of d and 20?
5
Let a = -11 + 32. Calculate the highest common factor of 63 and a.
21
Suppose 6 + 14 = -4*b, 4*o - 28 = 4*b. Let s be 1 + (-10)/(-1*o). Let r(a) = a. Let t be r(4). Calculate the highest common factor of s and t.
2
Let d(n) = -4*n. Let s be d(-12). Calculate the greatest common divisor of s and 6.
6
Suppose 5*l - 30 = 55. Suppose -765 = -3*v - 6*v. Calculate the highest common factor of v and l.
17
Suppose 19 = 3*c + 4*q, 3*c - 4*q = 4*c - 17. Let p be (1/(-3))/(c/(-15)). Let w(b) = -6*b - 6. Let v be w(-6). Calculate the highest common divisor of v and p.
5
Let n(w) = 5*w - 11. Let u be n(5). Let z = -5 + u. Calculate the highest common divisor of 18 and z.
9
Suppose 0 = -4*y + 5*y - 8. Let j be 4/y - (-14)/4. Let l = -48 - -68. What is the highest common divisor of l and j?
4
Let y = 16 - 12. Suppose w - 4 = y. What is the highest common divisor of w and 4?
4
Let f be 16/(-10)*(-5)/2. Suppose f*w - 44 - 8 = 0. Suppose 0 = 5*y + c - 452, -7*c + 2*c = -y + 106. Calculate the highest common factor of y and w.
13
Let k(n) = n**3 - 16*n**2 - 11*n - 12. Let a be k(17). What is the greatest common factor of 225 and a?
45
Let v = 60 + 8. Let m = -45 + v. Suppose -m = -2*g + 13. Calculate the greatest common factor of g and 6.
6
Let w = -20 + -5. Let k = w - -7. Let h be 2/9 - 140/k. What is the greatest common factor of h and 40?
8
Let y = 129 - 74. What is the greatest common factor of y and 11?
11
Let u = -13 + 16. Calculate the highest common divisor of 21 and u.
3
Suppose 5*v - 3*d - 48 = 0, 5*v - 31 = v - 5*d. Suppose -7*o - v = -10*o. What is the greatest common divisor of 9 and o?
3
Let n(a) = 3*a - 42. Let b be n(22). Calculate the greatest common divisor of b and 96.
24
Let h be -2 + 0 - (1 - 15). Suppose -5*t + 12 = 2. What is the highest common divisor of t and h?
2
Let v(u) = u**2 + 3*u - 1. Let q be v(1). Suppose q*h + 29 - 89 = 0. What is the greatest common factor of 180 and h?
20
Let v = -3 + 5. Let t be (-1 + 2)*(-90)/(-3). Suppose -t - 40 = -v*c. What is the highest common divisor of c and 14?
7
Let d(f) = -f**2 - 3*f + 35. Let j be d(0). Calculate the greatest common factor of 14 and j.
7
Let x = -3 + 6. Suppose 3*b = 2*w - 4 + 2, 2*w = -4*b + 16. Suppose 2*g - b = g. What is the greatest common factor of g and x?
1
Let w